= s + 2, 2*r - 1 = s. Suppose 0 = 2*m - r*m + g + 63, 4*g = -4*m - 132. Is 9 a factor of 2/(-5) + (-552)/m?
True
Is (-1)/3*(-18 + -231) a multiple of 3?
False
Suppose 3*k + 12 = 57. Let b be (-10)/k - (-20)/3. Suppose 9*y - b*y - 126 = 0. Is 7 a factor of y?
True
Let s be (-4)/26 - (-420)/26. Let y = 34 - s. Is (y + -4)/(2/4) a multiple of 14?
True
Suppose -9*l = 13*l - 8910. Is l a multiple of 31?
False
Is ((-30)/(-18))/((-25)/(-5010)) a multiple of 20?
False
Is 55 a factor of (-63)/(-35)*545/3?
False
Let o(j) = j**2 + 18*j + 14. Let z be o(-17). Suppose -2*x - 5*c + 62 = -2, -116 = -4*x - 4*c. Let h = x - z. Is 11 a factor of h?
False
Suppose 4*s + s - 45 = 0. Let l be 11/(-9) - (-2)/s. Does 26 divide 7 - 4 - (-43 + l)?
False
Suppose 0 = 3*q - 0*q - 3. Let s(l) = l**2 - l + 1. Let w(u) = 27*u**2 + 3*u - 4. Let z(p) = q*w(p) + 4*s(p). Is z(-1) a multiple of 7?
False
Let l(x) = 2*x**2 + 2*x + 1. Let t be l(-2). Let h be t/(-2)*(1 - 3). Let n(a) = 7*a - 11. Is 6 a factor of n(h)?
True
Suppose 58*y - 13548 = -4152. Does 3 divide y?
True
Let k be ((-1 + 2)*0)/1. Let n(b) = b**3 + 4*b**2 + 4*b - 8. Let h(t) = 2*t**3 + 7*t**2 + 7*t - 15. Let w(d) = -4*h(d) + 7*n(d). Does 3 divide w(k)?
False
Does 11 divide (-5788)/(-10) - (-13)/325*5?
False
Let n(p) = -6*p + 298. Does 16 divide n(7)?
True
Suppose -5 = 2*a + 3*p, -2 = 4*p + 18. Suppose a*i = 3*q + 375, 2*i + 2*q + 0*q - 150 = 0. Is i a multiple of 15?
True
Let d(p) = 1. Let s(w) = 13*w + 2. Let m(g) = 6*d(g) - 3*s(g). Suppose -5*x + 0*u + 4*u + 11 = 0, -2*x - u = 6. Does 11 divide m(x)?
False
Let w be (-12 - 0)/(((-30)/261)/5). Suppose -6*c + 15*c = w. Is 9 a factor of c?
False
Let l = 504 + 82. Does 42 divide l?
False
Suppose 0 = 2*w + 4*b + 12, -6*w - b + 11 = -2*w. Suppose -i + 75 = -4*k + 21, -w*i = -3*k - 190. Does 10 divide i?
False
Let l = 278 + -52. Does 12 divide l?
False
Suppose -5*v = 2*m - 1748, 2*m = -2*v - m + 708. Is v a multiple of 36?
False
Let d(u) = -u**3 - 18*u**2 - 72*u - 71. Is d(-16) a multiple of 62?
False
Let b(i) = 6*i - 12. Let j = -10 + 29. Is b(j) a multiple of 39?
False
Let m(f) = -f**3 - 5*f**2 - 6*f - 8. Let n be m(-4). Let k be ((-12)/(-7))/((-2)/(-21)). Suppose n*i - i + k = 0. Is i a multiple of 9?
True
Suppose -3*j + 15 = -2*r, -14*j = -9*j + r - 38. Is 3 a factor of j?
False
Suppose -5*t + 3*g = -t - 51, 0 = -5*t + g + 61. Does 5 divide t?
False
Suppose -387*v = -365*v - 46728. Is v a multiple of 8?
False
Let h be (-34)/((-4 + 8)/4). Let v = -15 + 62. Let w = h + v. Is 12 a factor of w?
False
Let v(o) = 3*o**2 - 7*o + 1. Suppose -5*c = s - 25, 2*c = c + 4*s - 16. Is 8 a factor of v(c)?
False
Let x = 1181 - 557. Does 8 divide x?
True
Suppose 4*i + 644 + 2346 = 2*p, -3*p + 5*i + 4489 = 0. Does 9 divide p?
True
Suppose -5*r + 455 = 5*a, r + 668 = 5*a + 183. Is 24 a factor of a?
True
Let q = -23 - -25. Suppose -6*c + 5*c - r = -104, 100 = c + q*r. Suppose -3*s + a = -128, a = -2*s - 4*a + c. Does 11 divide s?
True
Suppose 2*n = -0*q - 2*q + 68, q - 108 = -3*n. Let x = n - 124. Is 23 a factor of (-18)/(-6) + (2 - x)?
True
Let s(f) be the second derivative of f**4/2 - 13*f**3/6 - 15*f**2/2 + 4*f + 3. Is 19 a factor of s(9)?
False
Let a(y) = -3*y**3 - 3*y**2 - 16*y - 63. Is 10 a factor of a(-5)?
False
Suppose -5*p - 5*g + 45 = 0, -2*p + g = -4*g - 18. Let d = p - -15. Does 8 divide d?
True
Let n = -28 - -30. Suppose n*g = 2*f - 98, 2*f + g - 104 = -0*f. Is 9 a factor of f?
False
Suppose -23*w + 25*w = 40. Suppose w*i = 5*i + 1500. Does 20 divide i?
True
Let k be ((-7)/2)/(1/(-2)). Let u(y) = k*y**2 - 5 + 3*y - 8*y**2 + 3*y**2. Is 12 a factor of u(-5)?
False
Is (912/6)/((-12)/(-5) - 2) a multiple of 38?
True
Let l = -49 + 49. Suppose 2*u - 8 = l, u + 84 = 3*c - 2*u. Does 22 divide c?
False
Suppose -5*a = 3*w + 10, 1 - 6 = 2*a + w. Let x(g) = -g**3 - 6*g**2 - 8*g - 4. Is 11 a factor of x(a)?
True
Suppose -4*y = -4*g - 20, y + 3*g - 3 = -2*y. Let w(k) = -k - 5. Let x be w(-5). Let l = y - x. Is 2 a factor of l?
False
Let u be (-56)/(-2) - (-1 + -2). Suppose 4*q - 33 = u. Does 2 divide 12/q*(6 + 2)?
True
Let j = 10626 - 6079. Is 139 a factor of j?
False
Suppose 2*o = 8 + 2. Suppose -o*k + 125 = -3*q, -k = -3*k + 4*q + 50. Is 5 a factor of k?
True
Suppose 5*n + p + 5 = 3*n, 5*n + 5*p = -5. Let y(u) = -5*u - 8. Is 3 a factor of y(n)?
True
Let u(d) = 5*d + 96. Is u(19) even?
False
Let o(n) = 3*n**3 - n**2 - n + 1. Let l be o(1). Let d be ((-27)/6 + l)*-2. Let m = 30 - d. Does 25 divide m?
True
Let g(q) = 7*q + 3. Let n be g(0). Suppose n*m - 60 = -b, 5*b - 3*m - 228 = -0*m. Is b a multiple of 8?
True
Let b(q) = -10*q**3 - q**2 - 4*q. Let w be (46/(-23))/(0 - (-2 + 1)). Does 14 divide b(w)?
True
Let v = -157 + 221. Suppose 6*f + v = 454. Is 8 a factor of f?
False
Suppose -66896 + 17392 = -13*i. Does 56 divide i?
True
Let u(h) = 10*h**2 + 11*h + 85. Is 24 a factor of u(-13)?
True
Suppose 8*m - 15 = 3*m. Suppose -176 = -7*d + m*d. Does 22 divide d?
True
Let o(a) = 101*a**3 - 6*a - 16. Let d(y) = 20*y**3 - y - 3. Let p(v) = 11*d(v) - 2*o(v). Let k = 12 + -11. Is 18 a factor of p(k)?
True
Suppose n + 3*n + 8 = 0. Let h be n/((-4)/(-38))*-1. Suppose h = 5*r - 11. Is r even?
True
Let s be (-11)/(-88) - (-1)/(-8). Suppose -5*q + 7 = i - 5, s = -5*i - 4*q + 39. Is 3 a factor of i?
False
Let i(u) = -u**2 + 12*u + 13. Let d be i(13). Suppose -4*t + 189 + 367 = d. Let y = t - 81. Is y a multiple of 29?
True
Suppose -1810 - 50 = -5*u. Does 12 divide u?
True
Suppose -27 = -4*i - 15. Suppose i*r - 3*y = y + 224, -5*r + 408 = 2*y. Does 16 divide r?
True
Let p = -6 + 10. Suppose -1165 = -p*u - 393. Is 56 a factor of u?
False
Let p(v) = 2*v + 90. Does 16 divide p(-5)?
True
Let x(u) = 29*u + 7. Let k(v) = 15*v + 4. Let c(t) = -5*k(t) + 2*x(t). Is 16 a factor of c(-5)?
False
Let w = 41 + -41. Suppose -t + v + w*v + 61 = 0, 5*v = -4*t + 226. Is 18 a factor of t?
False
Let a(y) = y**2 + 7*y - 6. Let v = -7 - -9. Let f be v/7 + (-130)/14. Is a(f) a multiple of 12?
True
Let w(h) = 20*h + 3 - 11*h + 2*h**2 - h. Is 13 a factor of w(-5)?
True
Suppose -5*y - 152 = -y. Let l = 0 - y. Is 19 a factor of l?
True
Let i(w) = -w**3 - 5*w**2 + 8. Let d be i(-6). Let j be 9*(2 - (-10)/(-6)). Suppose d + 31 = j*r. Does 25 divide r?
True
Suppose -4 = -z, -4*t - 4*z = -0*z - 24. Suppose 7*o = t*o + 560. Is o a multiple of 25?
False
Suppose 4*f + 13 = -3. Does 48 divide 0*f/12 - 576/(-3)?
True
Let t be (-1*1)/((-6)/(-108)*3). Let p(b) = -2*b. Let a(q) = q - 1. Let y(w) = -4*a(w) - p(w). Is y(t) a multiple of 16?
True
Let o(w) = -21*w + 4*w - 7 - 10 - 4. Does 9 divide o(-6)?
True
Let o = -166 + 410. Let q = o - 169. Does 15 divide q?
True
Let h = -162 + 313. Let f = -63 + h. Does 7 divide f?
False
Suppose -2*l - 5*u = -481, -7*u + 897 = 4*l - 10*u. Does 6 divide l?
True
Suppose -14996 = -42*g + 31204. Is 5 a factor of g?
True
Does 13 divide 9/(-13 + 4) + (-1431)/(-1)?
True
Let v = 50 - 102. Let w be 1 + -1 - (-4 + v). Suppose 0 = 2*i - 44 - w. Is i a multiple of 25?
True
Let h = -52 - -58. Does 25 divide (-210)/28*(-100)/h?
True
Suppose n + 2*b + 1976 = 4*n, 2*b = -4*n + 2616. Is n a multiple of 16?
True
Let u(l) = 16*l**2 - 4*l - 1. Suppose 5*s = -0 - 15. Does 16 divide u(s)?
False
Let z be (3/5)/(2/10). Let x be -1*(-18)/z - 4. Suppose 5*m + 142 = x*l, -4*m - 11 = -3. Does 25 divide l?
False
Let j be 15/6*8/5. Suppose 0 = j*m + 3 + 1. Let x(r) = -15*r**3 + 1. Is 8 a factor of x(m)?
True
Suppose 0*w = -4*k - 5*w - 3, 5*k + 11 = w. Let d = 2 - k. Is 4 a factor of d?
True
Suppose 4*n + 4*i = -0*i + 240, 0 = -3*n - 4*i + 179. Suppose q = b + n, 7 = -2*q - 3. Let t = b - -99. Is t a multiple of 11?
True
Let f(s) = -s**3 - 8*s**2 + 7*s + 53. Is 6 a factor of f(-9)?
False
Let r(x) = -2*x**2 - 1. Let m be r(7). Does 11 divide (m/(-3))/((-4)/(-8))?
True
Let q be (-2)/8 + (-1)/(-4). Suppose -8*t + 3*t = q. Suppose t = -5*z + 7*z + 5*l - 95, -3*z - 5*l + 145 = 0. Is 10 a factor of z?
True
Let q be (99/22)/((-2)/(-4)). Suppose q = 5*w - 4*w. Does 2 divide 7 - 1*w/3?
True
Let b(h) = -3*h**2 + 22*h. Let s = 1 - -6. Is b(s) a multiple of 4?
False
Let d(x) = x**3 - 20*x**2 - 33*x + 30. Is 34 a factor of d(22)?
True
Suppose 5*k - 25 = -0*k. Let l = k + 23. Is 7 a factor of l?
True
Let i(g) = -7 - 3*g**2 + 0*g**2 + 11*g - 10*g -